t s(i) = 2*i + 12. Let g(p) = p**3 - 16 + 44*p**2 + 7*p - 54*p**2 - 17*p. Let y be g(11). Give s(y).
2
Let p(q) = 4*q**3 + 2*q**2 - q - 4. Let a(n) = -n**3 + n**2 + n. Suppose -15*u + 17 = -14*u. Let j = u - 20. Let x(l) = j*a(l) - p(l). Determine x(-3).
-8
Let y(z) = -452*z**2 - 461*z**2 + 914*z**2 - 2 - 2*z - 5. Let n(x) = x**3 - 3*x**2 + 2*x - 3. Let b be n(3). Give y(b).
-4
Let x = 667 + -662. Let v(k) be the third derivative of 0*k - 1/24*k**4 + 8*k**2 - 1/120*k**6 - k**3 + 0 + 0*k**x. Give v(0).
-6
Suppose -10 = 5*t - 75. Let p(z) = -11*z - 10 + 0 + t*z. Calculate p(7).
4
Let p(h) = h**3 + 8*h**2 + 8*h. Let t(j) = j**2 + 11*j - 187. Let z be t(9). What is p(z)?
-7
Let z(t) = -8*t**2 + 7*t - 2. Let y(u) = 19*u**2 - 15*u + 2. Let p(a) = -3*y(a) - 7*z(a). Let v = -5 - 1. Determine p(v).
-4
Let l(v) be the second derivative of -v**5/20 - v**4/4 + 11*v**3/6 + 5*v**2/2 - v + 37. Calculate l(-5).
0
Let u(x) = -x**2 + 2*x - 4. Let m(h) = -h**2 + h - 2. Let z(r) = -5*m(r) + 3*u(r). Let w be 4*(-1 - 0)*4. Let o = w + 18. Give z(o).
8
Suppose -12 = -3*q, 14 = j + 3*q - 0. Suppose -4*z = -0*z - d + 2, 2*z + d = j. Let c(p) = -2 + 13*p + z - 16*p + 1. What is c(-3)?
8
Suppose 0 = 8*r - 12 - 4. Let y = 14 - 7. Let o(k) = -4*k**2 + k - k + y*k**2. What is o(r)?
12
Let i = 735 - 739. Let w(a) = a**2 + 8*a + 8. Give w(i).
-8
Let o(z) = -2*z**2 + 5*z + 3. Let q(a) = -4*a**2 - 8*a + 7. Let p be q(-3). Give o(p).
-72
Let o(n) = 15*n**3 + 4*n**2 + 16*n - 4. Let q(i) = 13*i**3 + 4*i**2 + 14*i - 4. Let h(v) = 6*o(v) - 7*q(v). Determine h(-3).
1
Let x = 14 + -8. Let s(u) = u + x*u - 6*u + 10. Calculate s(-5).
5
Let u(g) be the second derivative of -g**6/720 - 3*g**5/40 - 5*g**4/4 - 15*g. Let i(y) be the third derivative of u(y). Calculate i(-4).
-5
Suppose 2*u + 32 = 6*u. Let q be 1/2 + (-52)/u. Let p(c) = 2 + 7*c**2 - c**3 + 2*c**3 - 8 + 5*c + 1. Give p(q).
1
Let w be 198/12*4/3. Let h = 22 - w. Let o(d) be the second derivative of -d**5/20 - d**4/12 - d**3/6 + 3*d**2 + d. Determine o(h).
6
Let b(h) be the first derivative of -3*h**5/5 - h**4/6 - h**3/6 + 19*h - 25. Let z(u) be the first derivative of b(u). What is z(-1)?
11
Suppose -2*d - 39 = -111. Let a(o) = -30 + d - o**2 + 0*o**2 - 7*o. Determine a(-7).
6
Let z(d) be the third derivative of d**5/10 - d**4/8 - d**3 - 24*d**2. Let y(o) = -5*o**2 + 3*o + 5. Let p(i) = 7*y(i) + 6*z(i). Give p(-4).
3
Let t(w) be the third derivative of w**5/10 + w**4/8 - w**3/3 + 218*w**2. What is t(1)?
7
Let d(o) = -7*o**2 - 9*o. Let t(k) = -2*k**2 - k - 2. Let v(y) = -d(y) + 3*t(y). Calculate v(-7).
1
Let h(o) be the third derivative of -7*o**5/120 - o**4/24 + o**3/6 + 22*o**2. Let f(w) be the first derivative of h(w). Give f(-1).
6
Suppose -8 = 3*x - 2. Let h(n) = 21*n**3 - 10*n**2 + 36*n + 10. Let m(t) = -8*t**3 + 4*t**2 - 14*t - 4. Let b(p) = 5*h(p) + 13*m(p). Give b(x).
2
Let b be (-52)/7 - ((-240)/70 + 3). Let g(t) = -t**2 - 2*t + 5. Calculate g(b).
-30
Let n(j) = 6*j - 7. Let t(x) = 2. Let i(h) = -n(h) - 3*t(h). Determine i(-3).
19
Let j(t) = 8*t + 12. Let p(u) = -10*u - 15. Let c(r) = -4*j(r) - 3*p(r). What is c(1)?
-5
Let l be (198/30 + -7)*-5. Let j(w) = -w**3 - 5*w**2 - 2*w. Let i(z) = -3*z**3 - 14*z**2 - 5*z. Let q(g) = 4*i(g) - 11*j(g). What is q(l)?
-8
Let t = 6 + -4. Let n(f) = -f + 4. Let p be n(t). Let b(u) = -9*u**2 + u - 4*u**3 + 3*u**3 + 13*u**p. Determine b(4).
4
Let b(u) = 34*u + 143 - 131 - 31*u. What is b(-5)?
-3
Let z = -69 - -61. Let t(l) be the second derivative of l**3/2 + 11*l**2/2 - 8*l + 3. Calculate t(z).
-13
Let r(f) = 124*f + 129*f - 254*f - 13. What is r(-15)?
2
Suppose -12*k = -11*k - 6. Let v(m) = 9 - 4*m + 3 - k. Give v(4).
-10
Let h(f) = -f**3 + 5*f**2 - 2*f - 2. Let z(o) = -16*o - 94. Let c be z(-6). Give h(c).
6
Suppose -b - 2*t = 2*b + 29, -9 = -b + 4*t. Let j be (-1)/b + 574/98. Let q(z) = -z**3 + 5*z**2 + 6*z + 5. Calculate q(j).
5
Suppose 0 = -2*g + y - 4 - 8, 0 = -4*y + 16. Let q(o) = -o + 10. Let c(n) = -n + 11. Let f(t) = g*c(t) + 5*q(t). Give f(-5).
11
Let v(r) = 5*r. Let s = 31 - 30. Let j(o) = o + 1. Let u(c) = s*v(c) - j(c). Determine u(1).
3
Let r(t) be the first derivative of -8*t**3/3 - 2*t**2 + 3*t - 330. What is r(2)?
-37
Suppose 3*w + 879 - 900 = 0. Let d(z) = 10*z - 68. Give d(w).
2
Let l(k) = -2*k + 3. Let y(q) = -2*q - 18. Let f be y(-12). Give l(f).
-9
Let f(c) be the second derivative of -c**5/60 + c**4/6 + 5*c**3/6 + 11*c**2 - 13*c. Let m(b) be the first derivative of f(b). Give m(6).
-7
Let u(w) be the first derivative of w**2/2 + 17*w + 230. What is u(-9)?
8
Suppose 3*w - 1 - 21 = -5*f, -2*f + w + 11 = 0. Let a be 2/(-3)*(-2 + -1). Let n(j) = j + 1. Let k(q) = -q - 2. Let c(h) = a*k(h) + 4*n(h). What is c(f)?
10
Suppose 323 = -h + 325. Let t(x) be the third derivative of 0 + 5*x**h + 1/6*x**4 + 0*x - 1/60*x**5 - 1/3*x**3. Calculate t(3).
1
Suppose -130*h = -132*h - 22. Let p(r) = r**3 + 12*r**2 + 12*r + 10. Determine p(h).
-1
Let a be -2 + ((-2)/1 - -4). Suppose a = 10*o - 13*o + 3. Let p(k) = 11*k**3 - k**2 + 2*k - 1. Calculate p(o).
11
Let c(g) = -7*g - 1. Suppose 7*p - 17 - 4 = 0. Suppose -m = 2*w - 4*m - 19, 0 = 3*w + 2*m - 9. Suppose -5*t = -25, w*z - z - p*t = -19. Calculate c(z).
6
Let p(l) be the second derivative of -1/3*l**4 + 0 - 46*l - 1/2*l**2 + 0*l**3. Determine p(1).
-5
Let s(b) be the second derivative of -1/3*b**3 + 0 + 1/6*b**4 + 2*b - b**2 - 1/20*b**5. Suppose -3*t + 5*l = -21, -7*t - 7 = -9*t + l. Determine s(t).
-6
Let m = 180 + -199. Let p(z) = z**3 + 18*z**2 - 21*z - 37. What is p(m)?
1
Let z(w) be the third derivative of -w**6/120 - w**5/30 - w**4/24 - 14*w**2 - 2*w. Calculate z(-1).
0
Let x(i) be the third derivative of -i**6/120 + i**5/15 + 7*i**4/24 - i**3/3 - 137*i**2. Give x(5).
8
Let v(l) = -l**3 + 2*l**2 + l + 4. Let j be 147/245*5*1. Determine v(j).
-2
Suppose 4*u - 39 = u + 3*s, 5*s - 5 = -2*u. Let l(m) = -452*m**2 + m**3 + 463*m**2 + 3*m**3 - 10*m - 5*m**3. What is l(u)?
0
Let p(l) = 6*l - 23. Let v = 16 + -9. Let u(w) = 3*w - 11. Let i(s) = v*u(s) - 3*p(s). Give i(6).
10
Suppose 5*d - 2*v = 0, -2*d - 5*v - 23 = 6. Let f(h) = h**3 + 2*h**2 - 2*h - 1. Determine f(d).
3
Let x be (7/(-7))/(-3 + 32/10). Let s(r) = -r**2 - 7*r - 5. Calculate s(x).
5
Let a = 30 + -28. Let c(z) = z**2 - 3*z + 4 + 2*z**2 + z**2 - 5*z**a. Calculate c(-5).
-6
Let c(l) be the first derivative of -l**4/4 - 5*l**3/3 - 9*l**2/2 - 13*l - 219. Determine c(-4).
7
Let v(m) = 3*m - 1. Let z(c) = -22*c + 6. Let b(r) = 5*v(r) + z(r). What is b(-2)?
15
Let i(b) = -b**2 - b + 1. Let v(f) = 7*f**2 + 4*f - 5. Let l(x) = 6*i(x) + v(x). Suppose -3*y - 12 - 3 = 0. Let p(u) = 2*u + 8. Let z be p(y). Give l(z).
9
Let f be 3 - (2 + 0) - 1. Suppose -m = -f - 12. Suppose r + 5*r - m = 0. Let s(h) = 2*h**3 - h**2 - h - 2. Give s(r).
8
Let p(z) = 23*z + 12. Let x(y) = 29*y + 13. Let r(j) = -5*p(j) + 4*x(j). Calculate r(-9).
-17
Let v(h) be the third derivative of -h**6/120 + h**5/20 - h**4/8 + h**3 + 12*h**2. Let p be v(3). Let d(n) = -n**2 - n + 2. Calculate d(p).
-4
Suppose 3*t + 2*t - 10 = 0. Let f(c) = -8*c - 2 - 5*c + c**t + 15*c + 0*c. What is f(-3)?
1
Suppose -3*t + 2*u - 5 = 0, -52 = 14*t + 2*u + 3*u. Let i(l) be the second derivative of -l**5/20 - l**4/4 - 2*l**3/3 - 3*l**2/2 - 4*l. Calculate i(t).
9
Let f(a) = 5*a - 5 + 11*a**2 - 11 - 11*a - 36*a**3. Let i(p) = 7*p**3 - 2*p**2 + p + 3. Let w(v) = 2*f(v) + 11*i(v). What is w(1)?
5
Let i(o) = 5*o - 9*o + 899 - 895. Let u(w) = w**2 - w - 17. Let d be u(5). What is i(d)?
-8
Let a(n) = -3*n - 40. Let x be a(-7). Let h = -16 - x. Let d(f) be the first derivative of -f**4/4 + 4*f**3/3 - f**2/2 - 2*f - 1. Calculate d(h).
4
Suppose -14*m - 240 = -26*m. Let s(n) = -n + 24. Determine s(m).
4
Let v(f) = -13*f + 1. Let a(s) = -2*s - 8. Let h be -2 - (4 - 0/3). Let c be a(h). Let u be c/(-2) - 21/(-7). Determine v(u).
-12
Let w(f) = -2*f - 8. Suppose 354*x = 364*x + 110. Determine w(x).
14
Let g(y) be the third derivative of -4*y**2 + 3/8*y**4 + 0 - 1/6*y**3 + 0*y. Determine g(1).
8
Let i be 102/(-54) + (-3)/27. Let p(z) = 2*z**2 - 3*z - 4. Let b(x) = 3*x**2 - 7*x - 9. Let r(k) = -2*b(k) + 5*p(k). What is r(i)?
16
Let w(j) = -j**3 + 43*j**2 - 152*j - 153. Let c be w(39). Let i(y) = -3*y**2 + 2*y**3 + 2*y - y**3 - 4 + 0*y**2. Wh